ivided by 10.
7
What is the remainder when 610 is divided by 276?
58
What is the remainder when 8193 is divided by 149?
147
Calculate the remainder when 99 is divided by 15.
9
What is the remainder when 633 is divided by 12?
9
Calculate the remainder when 8536 is divided by 6.
4
Calculate the remainder when 124 is divided by 63.
61
What is the remainder when 563 is divided by 16?
3
Calculate the remainder when 97 is divided by 33.
31
What is the remainder when 301 is divided by 10?
1
Calculate the remainder when 407 is divided by 173.
61
What is the remainder when 593 is divided by 96?
17
What is the remainder when 1705 is divided by 550?
55
What is the remainder when 4197 is divided by 15?
12
What is the remainder when 11476 is divided by 359?
347
Calculate the remainder when 9973 is divided by 105.
103
Calculate the remainder when 1524 is divided by 188.
20
Calculate the remainder when 2476 is divided by 95.
6
What is the remainder when 206 is divided by 15?
11
Calculate the remainder when 1887 is divided by 84.
39
Calculate the remainder when 35 is divided by 9.
8
What is the remainder when 458 is divided by 15?
8
Calculate the remainder when 308 is divided by 117.
74
What is the remainder when 3627 is divided by 231?
162
Calculate the remainder when 41 is divided by 30.
11
What is the remainder when 157 is divided by 72?
13
Calculate the remainder when 243 is divided by 107.
29
What is the remainder when 222 is divided by 18?
6
What is the remainder when 51 is divided by 7?
2
What is the remainder when 257 is divided by 33?
26
What is the remainder when 6130 is divided by 84?
82
What is the remainder when 159 is divided by 54?
51
Calculate the remainder when 905 is divided by 111.
17
Calculate the remainder when 1703 is divided by 435.
398
What is the remainder when 1767 is divided by 23?
19
What is the remainder when 3493 is divided by 13?
9
What is the remainder when 484 is divided by 73?
46
Calculate the remainder when 1563 is divided by 506.
45
Calculate the remainder when 191 is divided by 91.
9
Calculate the remainder when 109 is divided by 29.
22
What is the remainder when 5719 is divided by 62?
15
What is the remainder when 213 is divided by 31?
27
What is the remainder when 81 is divided by 73?
8
Calculate the remainder when 2280 is divided by 73.
17
What is the remainder when 19520 is divided by 43?
41
Calculate the remainder when 1948 is divided by 65.
63
Calculate the remainder when 3415 is divided by 201.
199
Calculate the remainder when 1480 is divided by 78.
76
Calculate the remainder when 104 is divided by 18.
14
What is the remainder when 8019 is divided by 4008?
3
What is the remainder when 129 is divided by 97?
32
Calculate the remainder when 451 is divided by 93.
79
What is the remainder when 6271 is divided by 8?
7
Calculate the remainder when 141 is divided by 74.
67
What is the remainder when 235 is divided by 62?
49
Calculate the remainder when 131 is divided by 46.
39
What is the remainder when 148 is divided by 73?
2
What is the remainder when 198 is divided by 4?
2
What is the remainder when 4660 is divided by 38?
24
Calculate the remainder when 1024 is divided by 57.
55
Calculate the remainder when 29572 is divided by 175.
172
Calculate the remainder when 161 is divided by 11.
7
What is the remainder when 111 is divided by 19?
16
What is the remainder when 758 is divided by 95?
93
What is the remainder when 237 is divided by 177?
60
What is the remainder when 272 is divided by 40?
32
Calculate the remainder when 132 is divided by 46.
40
What is the remainder when 399 is divided by 20?
19
What is the remainder when 78 is divided by 23?
9
Calculate the remainder when 448 is divided by 50.
48
Calculate the remainder when 207 is divided by 105.
102
What is the remainder when 154 is divided by 37?
6
Calculate the remainder when 5157 is divided by 258.
255
Calculate the remainder when 3014 is divided by 334.
8
What is the remainder when 617 is divided by 210?
197
What is the remainder when 117 is divided by 11?
7
Calculate the remainder when 7882 is divided by 83.
80
Calculate the remainder when 340 is divided by 18.
16
Calculate the remainder when 4752 is divided by 1583.
3
What is the remainder when 306 is divided by 22?
20
What is the remainder when 1458 is divided by 3?
0
Calculate the remainder when 578 is divided by 117.
110
Calculate the remainder when 201 is divided by 18.
3
Calculate the remainder when 432 is divided by 21.
12
What is the remainder when 22960 is divided by 7651?
7
Calculate the remainder when 5405 is divided by 8.
5
What is the remainder when 670 is divided by 222?
4
Calculate the remainder when 1155 is divided by 13.
11
What is the remainder when 2624 is divided by 70?
34
Calculate the remainder when 36 is divided by 1.
0
What is the remainder when 167 is divided by 24?
23
What is the remainder when 569 is divided by 68?
25
What is the remainder when 72 is divided by 21?
9
What is the remainder when 593 is divided by 41?
19
What is the remainder when 990 is divided by 62?
60
Calculate the remainder when 71 is divided by 49.
22
Calculate the remainder when 320 is divided by 18.
14
Calculate the remainder when 221 is divided by 11.
1
Calculate the remainder when 143 is divided by 18.
17
Calculate the remainder when 426 is divided by 7.
6
What is the remainder when 316 is divided by 305?
11
What is the remainder when 209 is divided by 14?
13
Calculate the remainder when 770 is divided by 18.
14
What is the remainder when 207 is divided by 70?
67
Calculate the remainder when 165 is divided by 61.
43
What is the remainder when 682 is divided by 46?
38
Calculate the remainder when 415 is divided by 80.
15
Calculate the remainder when 299 is divided by 148.
3
Calculate the remainder when 398 is divided by 67.
63
Calculate the remainder when 254 is divided by 140.
114
What is the remainder when 117 is divided by 5?
2
Calculate the remainder when 141 is divided by 48.
45
What is the remainder when 259 is divided by 4?
3
Calculate the remainder when 367 is divided by 120.
7
Calculate the remainder when 220 is divided by 26.
12
What is the remainder when 417 is divided by 14?
11
Calculate the remainder when 1294 is divided by 54.
52
What is the remainder when 643 is divided by 19?
16
Calculate the remainder when 383 is divided by 11.
9
Calculate the remainder when 879 is divided by 80.
79
Calculate the remainder when 206 is divided by 72.
62
Calculate the remainder when 295 is divided by 60.
55
What is the remainder when 476 is divided by 324?
152
Calculate the remainder when 144 is divided by 45.
9
Calculate the remainder when 99 is divided by 72.
27
What is the remainder when 47 is divided by 2?
1
Calculate the remainder when 1195 is divided by 252.
187
Calculate the remainder when 877 is divided by 18.
13
What is the remainder when 628 is divided by 168?
124
What is the remainder when 341 is divided by 30?
11
What is the remainder when 2560 is divided by 21?
19
Calculate the remainder when 1403 is divided by 466.
5
What is the remainder when 19422 is divided by 11?
7
Calculate the remainder when 235 is divided by 40.
35
What is the remainder when 43 is divided by 7?
1
What is the remainder when 786 is divided by 89?
74
What is the remainder when 64 is divided by 13?
12
What is the remainder when 261 is divided by 4?
1
Calculate the remainder when 715 is divided by 22.
11
What is the remainder when 104685 is divided by 144?
141
Calculate the remainder when 146 is divided by 10.
6
What is the remainder when 598 is divided by 20?
18
What is the remainder when 95 is divided by 5?
0
Calculate the remainder when 1349 is divided by 10.
9
What is the remainder when 697 is divided by 28?
25
What is the remainder when 4386 is divided by 3?
0
What is the remainder when 814 is divided by 17?
15
What is the remainder when 704 is divided by 89?
81
What is the remainder when 9273 is divided by 29?
22
Calculate the remainder when 287 is divided by 8.
7
Calculate the remainder when 10 is divided by 9.
1
Calculate the remainder when 606 is divided by 32.
30
What is the remainder when 831 is divided by 283?
265
What is the remainder when 253 is divided by 78?
19
What is the remainder when 581 is divided by 11?
9
